rime?
True
Is 42431 a composite number?
True
Is 1859531 prime?
True
Is 325263 composite?
True
Is 3989 prime?
True
Is 520658 a prime number?
False
Is 1567759 a composite number?
False
Is 107827 a composite number?
False
Is 24031 a composite number?
True
Is 1828735 prime?
False
Is 118163 a composite number?
False
Is 35806 composite?
True
Is 136309 a composite number?
False
Is 143177 composite?
False
Is 36185 composite?
True
Is 2184859 a composite number?
False
Is 28685 composite?
True
Is 73183 a prime number?
False
Is 124427 a composite number?
False
Is 80849 a composite number?
False
Is 318161 prime?
True
Is 895457 prime?
True
Is 3787 a composite number?
True
Is 2041 a composite number?
True
Is 25813 a prime number?
False
Is 1251539 a composite number?
True
Is 123911 a prime number?
True
Is 2041015 composite?
True
Is 51581 composite?
False
Is 13093 a prime number?
True
Is 28319 prime?
True
Is 58099 a prime number?
True
Is 316139 prime?
True
Is 31107 prime?
False
Is 9689 a prime number?
True
Is 23857 composite?
False
Is 29483 prime?
True
Is 1477 composite?
True
Is 71663 prime?
True
Is 919 composite?
False
Is 75839 composite?
True
Is 589639 a composite number?
False
Is 209917 prime?
True
Is 24169 prime?
True
Is 14693 a prime number?
False
Is 48131 prime?
True
Is 1219 a composite number?
True
Is 1548343 composite?
True
Is 62459 a composite number?
False
Is 132019 composite?
False
Is 346529 a prime number?
True
Is 322561 a prime number?
False
Is 89491 a prime number?
True
Is 56237 composite?
False
Is 7555 a composite number?
True
Is 39929 a composite number?
False
Is 1801 prime?
True
Is 17707 composite?
False
Is 8461 a prime number?
True
Is 5431 a composite number?
False
Is 316489 composite?
True
Is 1643 composite?
True
Is 8223 a prime number?
False
Is 6863 prime?
True
Is 136717 a composite number?
True
Is 21485 a composite number?
True
Is 1140091 a composite number?
False
Is 1453501 prime?
False
Is 87781 a composite number?
True
Is 1944269 a composite number?
True
Is 685 a prime number?
False
Is 538049 a composite number?
False
Is 532771 composite?
False
Is 100267 prime?
True
Is 52489 a prime number?
True
Is 549281 composite?
False
Is 438233 composite?
False
Is 401 composite?
False
Is 128449 prime?
True
Is 1577042 prime?
False
Is 113371 composite?
False
Is 10973 a composite number?
False
Is 22733 composite?
True
Is 1320301 prime?
True
Is 1018327 composite?
True
Is 44579 prime?
True
Is 1319 a composite number?
False
Is 117677 composite?
True
Is 129531 composite?
True
Is 8989 a composite number?
True
Is 162485 prime?
False
Is 134369 prime?
True
Is 150557 composite?
True
Is 13367 a composite number?
False
Is 351566 prime?
False
Is 18863 composite?
True
Is 19231 composite?
False
Is 489371 a composite number?
True
Is 8059 a composite number?
False
Is 226571 a composite number?
False
Is 1524443 a prime number?
False
Is 446506 composite?
True
Is 6683 prime?
False
Is 570169 composite?
True
Is 9655 a prime number?
False
Is 449357 composite?
True
Is 29846 a prime number?
False
Is 2819 a prime number?
True
Is 8521 prime?
True
Is 563 prime?
True
Is 127997 composite?
False
Is 30307 composite?
False
Is 159 a composite number?
True
Is 4955 a prime number?
False
Is 5833 composite?
True
Is 230119 composite?
True
Is 8371 composite?
True
Is 115681 a composite number?
True
Is 152967 composite?
True
Is 117191 a composite number?
False
Is 25267 a prime number?
False
Is 2111 composite?
False
Is 621113 prime?
True
Is 4369 prime?
False
Is 108473 prime?
False
Is 4222 a composite number?
True
Is 74071 prime?
True
Is 321889 composite?
False
Is 13753 prime?
False
Is 450861 a composite number?
True
Is 22229 prime?
True
Is 5897 a composite number?
False
Is 48091 prime?
True
Is 43069 a prime number?
False
Is 33809 composite?
False
Is 595659 a composite number?
True
Is 5623 a prime number?
True
Is 89227 a prime number?
True
Is 11351 a prime number?
True
Is 251531 composite?
True
Is 1465313 prime?
True
Is 24226 composite?
True
Is 2359 prime?
False
Is 9983 composite?
True
Is 36833 a prime number?
True
Is 27551 a prime number?
True
Is 10841 a prime number?
False
Is 180109 a prime number?
False
Is 824591 a prime number?
True
Is 1637 a prime number?
True
Is 7829 prime?
True
Is 126967 composite?
False
Is 13119 a prime number?
False
Is 124457 composite?
True
Is 39469 composite?
True
Is 5963 a composite number?
True
Is 28213 a prime number?
False
Is 1991 composite?
True
Is 1147087 a composite number?
True
Is 58991 a composite number?
False
Is 46327 a prime number?
True
Is 1543 a prime number?
True
Is 887 prime?
True
Is 34721 prime?
True
Is 87085 composite?
True
Is 2749 a composite number?
False
Is 65179 prime?
True
Is 5471 composite?
False
Is 2609 a prime number?
True
Is 923 a composite number?
True
Is 102307 a prime number?
False
Is 41759 a prime number?
True
Is 15441 prime?
False
Is 85922 a prime number?
False
Is 162343 prime?
True
Is 111319 composite?
True
Is 26077 prime?
False
Is 145067 composite?
True
Is 46853 prime?
True
Is 17165 a composite number?
True
Is 59569 composite?
True
Is 3107 prime?
False
Is 26443 prime?
False
Is 206177 prime?
True
Is 4111 a composite number?
False
Is 1373 composite?
False
Is 13553 composite?
False
Is 53401 a prime number?
True
Is 8051 a prime number?
False
Is 10793 a prime number?
False
Is 6803 composite?
False
Is 794 composite?
True
Is 983659 prime?
True
Is 113717 a composite number?
False
Is 247691 a composite number?
False
Is 692339 composite?
True
Is 619669 prime?
True
Is 36263 a prime number?
True
Is 2473 a composite number?
False
Is 6801 prime?
False
Is 1764973 a prime number?
False
Is 80439 composite?
True
Is 89279 a composite number?
True
Is 53779 composite?
True
Is 281654 a composite number?
True
Is 4265 prime?
False
Is 1273 prime?
False
Is 1046927 a prime number?
False
Is 280837 a prime number?
True
Is 158659 composite?
True
Is 391 a prime number?
False
Is 646099 a prime number?
True
Is 5758 a prime number?
False
Is 75359 prime?
False
Is 379777 composite?
False
Is 126601 prime?
True
Is 12071 prime?
True
Is 188291 prime?
True
Is 25399 composite?
True
Is 164557 prime?
False
Is 19307 a composite number?
True
Is 199759 prime?
False
Is 196751 a prime number?
True
Is 5637953 a prime number?
True
Is 47986 prime?
False
Is 6719 a prime number?
True
Is 10637 a composite number?
True
Is 4493 a composite number?
False
Is 3461855 composite?
True
Is 6295 a prime number?
False
Is 253901 a composite number?
False
Is 6159 prime?
False
Is 10961 a composite number?
True
Is 64023 a composite number?
True
Is 41651 prime?
True
Is 108107 composite?
False
Is 440471 composite?
False
Is 17531 a prime number?
False
Is 6337 prime?
True
Is 24243 a prime number?
False
Is 152503 a prime number?
False
Is 1099 composite?
True
Is 390458 a composite number?
True
Is 20263 a prime number?
False
Is 9827 composite?
True
Is 57637 prime?
True
Is 32954 composite?
True
Is 209602 a prime number?
False
Is 11611 a prime number?
False
Is 1098217 a prime number?
False
Is 110107 composite?
True
Is 144397 composite?
True
Is 9551 a prime number?
True
Is 1471549 prime?
False
Is 351629 a composite number?
True
Is 4619 a composite number?
True
Is 31579 prime?
False
Is 127189 prime?
True
Is 903949 composite?
False
Is 2629399 composite?
True
Is 1047359 composite?
True
Is 5079 a composite number?
True
Is 49889 a composite number?
True
Is 63737 a composite number?
False
Is 2449591 a composite number?
True
Is 122693 prime?
True
Is 120421 composite?
True
Is 16997 prime?
False
Is 1230271 prime?
False
Is 18461 composite?
False
Is 478147 composite?
True
Is 1203311 a prime number?
False
Is 9451 a composite number?
True
Is 1485139 prime?
True
Is 145765 a composite number?
True
Is 111997 prime?
True
Is 102223 a composite number?
True
Is 4667 a composite number?
True
Is 63221 a prime number?
False
Is 501157 prime?
True
Is 28261 a prime number?
False
Is 95339 composite?
False
Is 26762 a composite number?
True
Is 12071 a prime number?
True
Is 744637 a composite number?
False
Is 14369 prime?
True
Is 54847 a composite number?
True
Is 26507 a prime number?
False
Is 72337 composite?
False
Is 64789 a prime number?
False
Is 5342 composite?
True
Is 413243 a composite number?
False
Is 336161 a composite number?
Tr